Let d be (-502)/22 + 4/(-22). Let o(w) = 16 + 250*w + 5 - 461*w + 10 + 212*w. Calculate o(d).
8
Let w(u) = -u - 4. Let m(g) = -g - 12. Let n(r) = 44*r - 137. Let j be n(3). Let o(v) = j*w(v) + 2*m(v). Give o(4).
8
Let x(o) = -o**2 - 7*o + 33. Let v(a) = -64*a**2 + 639*a + 13. Let w be v(10). What is x(w)?
3
Let t(u) be the first derivative of 3/2*u**2 + 153 + 0*u. Determine t(-7).
-21
Let g(t) = -t**2 - t + 4. Suppose 4*q = 8*r - 13*r - 12, -4*r - q = 14. What is g(r)?
-8
Let h(u) = u**3 - 4*u**2 - 6*u + 3. Let w(j) = -j**3 + 8*j**2 - 19*j + 84. Let b be w(7). Suppose -1 = -t + k + 2, -3*t + k + 13 = b. Determine h(t).
-2
Let q(z) be the third derivative of 0*z - 8/3*z**3 + 1/60*z**5 - 12*z**2 + 0 + 5/12*z**4. Let j be 58/(-6) + 56/(-42). Determine q(j).
-5
Suppose -181*r = -185*r + 3048. Let a = r - 768. Let h(j) = -2*j**3 + 0*j**3 + 3*j**3 + 7 + 2*j + 6*j**2. Give h(a).
-5
Let s be -16*(-3*(-14)/42 - 2). Let h(w) = w**3 - 39*w**2 + 366*w + 35. Determine h(s).
3
Let w(i) = -3*i - 7. Let b(h) = 9*h + 22. Let f(k) = -2*b(k) - 7*w(k). Let q be (-76)/(-28) + (-8688)/(-3801). Calculate f(q).
20
Let b(p) = 293 - 16*p**2 + 13*p + p**3 - 153 + 0*p - 106. Determine b(15).
4
Let l(p) = 2*p**2 + 2*p - 29. Let g(q) = -7*q**3 + 2*q**2 + 117*q - 116. Let h be g(1). Calculate l(h).
-5
Let p(f) be the first derivative of 1/2*f**2 + 11*f - 112. What is p(-5)?
6
Suppose -f = -4*d + 7, -7*d + 4*f = -9*d + 8. Suppose u + 4*v - 23 = 0, 2*u - 17 = -d*v + 5. Let x(t) = t**2 - 8*t + 3. Give x(u).
-4
Let v be (-2)/6 - (-8)/6. Let y = -469 + 470. Let x(o) = o**3 - 5*o**2 - o + 1. Let r(q) = 8*q**3 - 25*q**2 - 6*q + 6. Let c(p) = y*r(p) - 5*x(p). What is c(v)?
3
Let k = -82 + 89. Let b(a) = 16*a - k*a**2 - 15*a - 2*a**2. Give b(1).
-8
Let l be 1152/256 - 6/(-4)*16/(-6). Let t(f) be the third derivative of 0 - 15*f**2 + 1/24*f**4 + l*f**3 + 0*f. Determine t(7).
10
Let i = -23230 + 23232. Let l(w) be the first derivative of -1/4*w**4 + w + i*w**3 + 25 - 3/2*w**2. Give l(4).
21
Let m be 94/18 + 70/(-315). Suppose 3*d - 28 = -43, -5*d = m*o + 25. Let s(g) = g - 18. Calculate s(o).
-18
Let h(l) be the second derivative of l**4/12 - l**3 - 3*l**2 - 1220*l. Suppose -2*t = -0*t - 4. Let u be 14/t + 0 + 0. What is h(u)?
1
Let v(m) = -m**2 + m - 8. Let z(t) = -151 - 3*t - 13*t + 208 - 10*t**2 + 9*t**2. Let k be z(-19). Determine v(k).
-8
Let u(b) be the first derivative of -3*b + 1/3*b**3 - 6 + 5/2*b**2. Suppose 5*r = -2*h, -3*h - 4*r - 7 = -0*r. What is u(h)?
-3
Let w = -15 + 10. Let y(n) = 2*n**2 - 14*n - 5. Suppose -16*p = -5*p + 77. Let g(f) = f**2 - 5*f - 2. Let a(v) = p*g(v) + 3*y(v). Calculate a(w).
9
Let t be 21/9 - 1/3. Suppose 1 + t = -3*m. Let s(u) be the third derivative of u**6/20 - u**4/12 - u**3/6 + 73*u**2 - u - 6. What is s(m)?
-5
Suppose m + 9*t = 5*t - 7, 3*t - 15 = -3*m. Let c(a) = a**3 - 8*a**2 - 6*a + 5. Give c(m).
32
Let x(g) = -69*g + 839. Let y be x(12). Let d(k) = k**2 - 14*k + 33. What is d(y)?
0
Let i(h) = 158*h**2 + 3 + 37*h - 3*h**3 + h**3 + 10 - 177*h**2 + 3*h**3. Determine i(17).
64
Let m = -573 + 575. Let y(l) = l**3 - 3*l**2 + 3*l - 1. Give y(m).
1
Let m(d) = 2*d**2 - 15*d + 21. Let z be m(6). Let c(a) = -11 + 25 - z*a - 10 - a. Calculate c(-4).
20
Let x(b) = b**2 - 6*b + 4. Let o(a) = 0*a**2 + 7*a**2 - 4 - 6*a**2 - 7*a - 2*a**2. Let k be o(-5). Let g = k - 1. What is x(g)?
-1
Let a be 1/((-60)/180*(-1)/10). Let f(w) = -2*w + 73. Give f(a).
13
Let s(k) = -4 + 46*k + 49*k - 90*k. Suppose 0 = 2*o - 9 - 3. Suppose 5*l + 4*j - 7 = 0, 2*j = -j - o. What is s(l)?
11
Let o(v) be the third derivative of 0*v + 1/2*v**3 - 68*v**2 + 0 + 1/24*v**4. Give o(5).
8
Let l = 361 - 359. Let q(t) = -548*t**2 + 273*t**l - 8 - 9*t + 276*t**2. Determine q(10).
2
Let n(d) = d**2 - 153854 - 3*d**2 + d**3 - 3*d**2 - 8*d + 153870. Give n(6).
4
Let p(u) = 3*u - 9. Let y be p(-3). Let s = y + 11. Let o(q) = -q**2 - 5*q. Determine o(s).
-14
Let t(q) = 67*q + 328. Let o be (1 + 2/(-4))/(4788/(-280) + 17). Give t(o).
-7
Let f(c) = -4 - 14*c + 7 + 10 - 24 - c. What is f(0)?
-11
Let x(t) = -53*t**2 - 25*t - 7. Let p(u) = 97*u**2 + 46*u + 15. Let i(q) = 6*p(q) + 11*x(q). Give i(-6).
-29
Let j(m) be the third derivative of m**6/120 - m**5/20 + m**4/12 - m**3/3 - m**2. Suppose 201*a = 77*a + 100*a + 72. Give j(a).
4
Let c = 17 - -4. Let h be c/84 + (-23)/(-4). Let l be (-27)/h*4/(-6). Let o(v) = -2*v**2 + 5*v - 4. Calculate o(l).
-7
Let u(d) = -2*d**2 - 9*d. Let s(n) = 3*n**2 + 11*n + 1. Let l(h) = 3*s(h) + 4*u(h). Let o be ((-160)/48)/((-4)/6). Determine l(o).
13
Let b be -7 - (4 - (4 - 2)). Let f(x) = 4*x**2 + 9*x - 2. Let v(a) = 13*a**2 + 35*a - 17. Let c(t) = 3*f(t) - v(t). What is c(b)?
2
Let h(x) = -7*x - 17. Let q(b) = -11*b - 26. Let s(g) = -8*h(g) + 5*q(g). Suppose 2*k = 104 - 38. Suppose k*v = 30*v + 18. Determine s(v).
12
Let w(d) = 104 - d**2 - 8 + 2*d - 11 + 4*d - 89. Calculate w(2).
4
Suppose 27 = -4*a + o, 106*o = -5*a + 99*o + 24. Let w(g) = 21*g - 4. Give w(a).
-109
Let y(l) = 9*l**2 - 7*l - 14*l**2 + l**2 + 3*l**2. Let i = -16 - -20. Suppose i = n + 9. What is y(n)?
10
Suppose 518 = a - 98. Let u = a - 630. Let f(p) = -p**2 - 13*p + 9. Give f(u).
-5
Let p(q) = -372*q - 367*q - 368*q + q**3 + 1115*q + 2 - 8*q**2. What is p(7)?
9
Suppose 5*g = 20, -u + 4*u - g - 2 = 0. Suppose -4*h + u*m + 50 = 0, 18*m - 40 = -5*h + 16*m. Let i(p) = p**2 - 8*p - 14. Give i(h).
6
Let x = 6 - 2. Let b(m) = -113*m + 74. Let h(s) = 5*s - 3. Let y(o) = -b(o) - 22*h(o). Determine y(x).
4
Let o(f) = -f**3 - 33*f**2 - 90*f. Suppose 299 + 932 + 389 = -54*m. Calculate o(m).
0
Let h(j) = -94 + 71*j + 323*j - 345*j. Determine h(2).
4
Let o = 988 + -957. Let a(z) = z - 41. Calculate a(o).
-10
Let w(i) be the second derivative of -i**5/20 - i**4/12 - i**3/3 - 30*i**2 + 2*i + 335. Calculate w(0).
-60
Let o be ((-66)/4)/(3/(-4)). Let n(t) = 23*t + 25*t + o*t - 71*t + 4. Suppose 0 = 3*c - 5*w + 16, -2*c + 2*w - 9 = -w. Calculate n(c).
1
Let j(u) = 2*u - 6. Let c be j(-1). Let t be c/15*3*-20. Suppose -z + 2*h - 8 = 0, z = -5*h + t - 12. Let d(k) = k**3 + k**2 - 7. Determine d(z).
-7
Let m(o) = -853148*o**2 + 0*o**3 + 853145*o**2 + 1 + 2*o**3 - 3*o**3. Let u be (1/(-1) - 0)*(17 - 16). What is m(u)?
-1
Let w(o) = 4*o**2 + 40*o - 38. Let c = -6277 + 6266. Determine w(c).
6
Let c(s) = -9*s**2 + 2*s + 105. Let z(w) = 13*w**2 + w - 107. Let v(f) = 3*c(f) + 2*z(f). Give v(-7).
-4
Let n(f) = 7*f + 16. Let l(b) = 21*b + 61. Let s(i) = 2*l(i) - 7*n(i). Determine s(5).
-25
Let t(f) = 2*f**2 - 38*f + 31. Let i = -1618 + 1636. Calculate t(i).
-5
Suppose 5*i = -3*k + 15, -2*i + 31*k = 14*k - 6. Let u(x) be the second derivative of -1/12*x**4 - 3/2*x**2 - 2/3*x**i + 17*x + 0. Give u(-4).
-3
Let s(t) be the second derivative of -t**5/120 - t**4/4 + t**3/2 - 8*t**2 + t + 5. Let x(m) be the second derivative of s(m). Let d = 4 + -9. Determine x(d).
-1
Let z(m) = 0*m**2 - 4*m**3 + 3*m**3 - 16 - 3*m**2 + 4*m**2 + 2. Let s be 2/1 + (-3 - -1). Determine z(s).
-14
Let r(l) be the second derivative of l**4/6 + 49*l**3/6 - 16*l**2 - 437*l. Give r(-25).
-7
Let a(d) = -5. Let c(r) = -4*r**2 - 66*r - 13. Let v(q) = -10*a(q) + c(q). What is v(-17)?
3
Let s = -684 + 684. Let i(j) = j**3 + 3*j**2 - 4*j + 2. Let h be i(-4). Suppose -r + h + 1 = s. Let g(q) = 7*q + 3. Determine g(r).
24
Let r(x) be the third derivative of x**5/20 + x**4/12 + x**3/6 + 7*x**2. Let q be (1/2)/(4/(-14) + 234/(-1092)). What is r(q)?
2
Let d(r) = 4*r - 44. Suppose -1685*y + 1687*y = -2*m + 36, y - 5*m = -6. What is d(y)?
12
Let n be 6*(-3)/63 - 512/(-28). Let h(f) be the third derivative of n*f**2 + 0*f**3 + 1/6*f**4 + 0 + 0*f. What is h(1)?
4
Let t(q) be the second derivative of q**7/504 - q**5/30 - q**4/2 + 2*q**2 - 18*q - 2. Let f(l) be the third derivative of t(l). Determine f(3).
41
Let g(t) = -t + 2. Let p = -179 + 181. Suppose 0 = -4*q + n + 6 + 1, -3*q - p*n = -19. Give g(q).
-1
Let r(n) = 58*n - 385. Let j be r(7). Let z(w) = -w + 33. What is z(j)?
12
Suppose -2*b + 4 = 0, 3*b + 0 + 9 = 5*s. Suppose s*y - 5*y = -8. Let i(j) be the second derivative of j**4/12 - 5*j**3/6 + 2*j**2 + 8*j. Calculate i(y).
0
Let c(x) = x**3 - 5*x**2 + 4*x. Let v be 7796/24 + (-2)/(-12). Let l be 2/(-8) + v/100. Suppose l*z + 4*b - 20 = 0, 2*z - z = 5*b - 6. What